{"id":369,"date":"2022-12-26T17:16:25","date_gmt":"2022-12-26T17:16:25","guid":{"rendered":"https:\/\/neuillay.fr\/?page_id=369"},"modified":"2023-01-17T14:05:02","modified_gmt":"2023-01-17T14:05:02","slug":"les-sentiers-de-randonnees","status":"publish","type":"page","link":"https:\/\/neuillay.fr\/?page_id=369","title":{"rendered":"Les sentiers de randonn\u00e9es"},"content":{"rendered":"\n<div class=\"wp-block-media-text alignwide is-stacked-on-mobile\" style=\"grid-template-columns:20% auto\"><figure class=\"wp-block-media-text__media\"><img loading=\"lazy\" decoding=\"async\" width=\"283\" height=\"262\" src=\"https:\/\/neuillay.fr\/wp-content\/uploads\/2023\/01\/image-randonneurs-au-chapeau.gif\" alt=\"\" class=\"wp-image-965 size-full\"\/><\/figure><div class=\"wp-block-media-text__content\">\n<p>Neuillay les Bois compte environ 40 km de sentiers p\u00e9destres, de quoi satisfaire les randonneurs en qu\u00eate de d\u00e9tente et d\u00e9couverte d\u2019une flore et faune prot\u00e9g\u00e9es.<\/p>\n\n\n\n<p><a href=\"https:\/\/www.parc-naturel-brenne.fr\/randonnez\/la-brenne-a-pied\/balades\/balade-a-pied-n-44-le-circuit-des-etangs-neuf-40\" target=\"_blank\" rel=\"noreferrer noopener\">(lien pour infos)<\/a><\/p>\n<\/div><\/div>\n\n\n<p>\u00a0<\/p>\n<p>Cliquez sur les cartes pour les agrandir<\/p>\n<p><a href=\"https:\/\/neuillay.fr\/wp-content\/uploads\/2023\/01\/rando-cmn-scaled.jpg\"><img loading=\"lazy\" decoding=\"async\" class=\"alignnone size-medium wp-image-961\" src=\"https:\/\/neuillay.fr\/wp-content\/uploads\/2023\/01\/rando-cmn-210x300.jpg\" alt=\"\" width=\"210\" height=\"300\" srcset=\"https:\/\/neuillay.fr\/wp-content\/uploads\/2023\/01\/rando-cmn-210x300.jpg 210w, https:\/\/neuillay.fr\/wp-content\/uploads\/2023\/01\/rando-cmn-718x1024.jpg 718w, https:\/\/neuillay.fr\/wp-content\/uploads\/2023\/01\/rando-cmn-768x1096.jpg 768w, https:\/\/neuillay.fr\/wp-content\/uploads\/2023\/01\/rando-cmn-1077x1536.jpg 1077w, https:\/\/neuillay.fr\/wp-content\/uploads\/2023\/01\/rando-cmn-1435x2048.jpg 1435w, https:\/\/neuillay.fr\/wp-content\/uploads\/2023\/01\/rando-cmn-scaled.jpg 1794w\" sizes=\"auto, (max-width: 210px) 100vw, 210px\" \/><\/a> <a href=\"https:\/\/neuillay.fr\/wp-content\/uploads\/2023\/01\/rando.jpg\"><img loading=\"lazy\" decoding=\"async\" class=\"alignnone size-medium wp-image-962\" src=\"https:\/\/neuillay.fr\/wp-content\/uploads\/2023\/01\/rando-300x296.jpg\" alt=\"\" width=\"300\" height=\"296\" srcset=\"https:\/\/neuillay.fr\/wp-content\/uploads\/2023\/01\/rando-300x296.jpg 300w, https:\/\/neuillay.fr\/wp-content\/uploads\/2023\/01\/rando-1024x1011.jpg 1024w, https:\/\/neuillay.fr\/wp-content\/uploads\/2023\/01\/rando-90x90.jpg 90w, https:\/\/neuillay.fr\/wp-content\/uploads\/2023\/01\/rando-768x758.jpg 768w, https:\/\/neuillay.fr\/wp-content\/uploads\/2023\/01\/rando-1536x1516.jpg 1536w, https:\/\/neuillay.fr\/wp-content\/uploads\/2023\/01\/rando-2048x2021.jpg 2048w\" sizes=\"auto, (max-width: 300px) 100vw, 300px\" \/><\/a><\/p>\n<footer><a href=\"https:\/\/www.neuillay.fr\/wp-admin\/post.php?post=1658&amp;action=edit\">Edit <\/a><\/footer>","protected":false},"excerpt":{"rendered":"<p>Neuillay les Bois compte environ 40 km de sentiers p\u00e9destres, de quoi satisfaire les randonneurs en qu\u00eate de d\u00e9tente et d\u00e9couverte d\u2019une flore et faune prot\u00e9g\u00e9es. (lien pour infos) \u00a0 Cliquez sur les cartes pour les agrandir Edit<\/p>\n","protected":false},"author":1,"featured_media":0,"parent":0,"menu_order":0,"comment_status":"closed","ping_status":"closed","template":"","meta":{"footnotes":""},"class_list":["post-369","page","type-page","status-publish","hentry"],"_links":{"self":[{"href":"https:\/\/neuillay.fr\/index.php?rest_route=\/wp\/v2\/pages\/369","targetHints":{"allow":["GET"]}}],"collection":[{"href":"https:\/\/neuillay.fr\/index.php?rest_route=\/wp\/v2\/pages"}],"about":[{"href":"https:\/\/neuillay.fr\/index.php?rest_route=\/wp\/v2\/types\/page"}],"author":[{"embeddable":true,"href":"https:\/\/neuillay.fr\/index.php?rest_route=\/wp\/v2\/users\/1"}],"replies":[{"embeddable":true,"href":"https:\/\/neuillay.fr\/index.php?rest_route=%2Fwp%2Fv2%2Fcomments&post=369"}],"version-history":[{"count":8,"href":"https:\/\/neuillay.fr\/index.php?rest_route=\/wp\/v2\/pages\/369\/revisions"}],"predecessor-version":[{"id":966,"href":"https:\/\/neuillay.fr\/index.php?rest_route=\/wp\/v2\/pages\/369\/revisions\/966"}],"wp:attachment":[{"href":"https:\/\/neuillay.fr\/index.php?rest_route=%2Fwp%2Fv2%2Fmedia&parent=369"}],"curies":[{"name":"wp","href":"https:\/\/api.w.org\/{rel}","templated":true}]}}