{"id":377,"date":"2022-12-26T17:17:52","date_gmt":"2022-12-26T17:17:52","guid":{"rendered":"https:\/\/neuillay.fr\/?page_id=377"},"modified":"2023-01-17T17:49:37","modified_gmt":"2023-01-17T17:49:37","slug":"patrimoine","status":"publish","type":"page","link":"https:\/\/neuillay.fr\/?page_id=377","title":{"rendered":"Patrimoine"},"content":{"rendered":"<p><a href=\"https:\/\/neuillay.fr\/wp-content\/uploads\/2023\/01\/eglise3.jpg\"><img loading=\"lazy\" decoding=\"async\" class=\" wp-image-977 alignleft\" src=\"https:\/\/neuillay.fr\/wp-content\/uploads\/2023\/01\/eglise3.jpg\" alt=\"\" width=\"245\" height=\"327\" \/><\/a>Vous, habitants de notre commune ou simplement visiteurs en promenade en Brenne, pouvez admirer au c\u0153ur de notre village, son \u00e9glise de style roman.<\/p>\n<p>Le patron de cette \u00e9glise est Saint-Hilaire, \u00e9v\u00eaque de Poitiers, dont la f\u00eate se c\u00e9l\u00e8bre le 13 janvier.<\/p>\n<p>La paroisse primitive d\u00e9pendait de l\u2019abbaye de M\u00e9obecq dont le roi Dagobert avait dot\u00e9 la Brenne, le tout formait la terre de Saint-Pierre.<\/p>\n<p>Elle fut construite en 1174 et il ne reste de cette \u00e9poque que la porte principale et les chapiteaux romans.<\/p>\n<p>La nef, le ch\u0153ur, les chapelles et le clocher sont de construction plus r\u00e9cente, vers 1873.<\/p>\n<p>En 1954, le clocher fut refait par une entreprise locale, celle des fr\u00e8res PINAULT et les NOVELLIENS furent nombreux \u00e0 escalader l\u2019\u00e9chelle et \u00e0 admirer les environs du haut des 25 m\u00e8tres de clocher. Selon la tradition, le coq descendit de son clocher pour \u00eatre pr\u00e9sent\u00e9 dans les foyers du village, puis il reprit sa place.<\/p>\n<p>Jusqu\u2019en 1910, l\u2019\u00e9glise avait son presbyt\u00e8re attenant, vers 1913 la commune le racheta et y \ufb01t construire la Mairie.<\/p>\n<p>Le demier pr\u00eatre r\u00e9sident fut M. l\u2019abb\u00e9 PERROT qui resta \u00e0 Neuillay de 1902 \u00e0 1950.<\/p>\n<p>A l\u2019int\u00e9rieur de ce magni\ufb01que \u00e9di\ufb01ce, vous pouvez y admirer quelques statues, dont une tr\u00e8s ancienne<a href=\"https:\/\/neuillay.fr\/wp-content\/uploads\/2023\/01\/P9170135-1.jpg\"><img loading=\"lazy\" decoding=\"async\" class=\"alignright wp-image-990 size-medium\" src=\"https:\/\/neuillay.fr\/wp-content\/uploads\/2023\/01\/P9170135-1-300x225.jpg\" alt=\"\" width=\"300\" height=\"225\" srcset=\"https:\/\/neuillay.fr\/wp-content\/uploads\/2023\/01\/P9170135-1-300x225.jpg 300w, https:\/\/neuillay.fr\/wp-content\/uploads\/2023\/01\/P9170135-1-1024x768.jpg 1024w, https:\/\/neuillay.fr\/wp-content\/uploads\/2023\/01\/P9170135-1-768x576.jpg 768w, https:\/\/neuillay.fr\/wp-content\/uploads\/2023\/01\/P9170135-1-1536x1152.jpg 1536w, https:\/\/neuillay.fr\/wp-content\/uploads\/2023\/01\/P9170135-1-2048x1536.jpg 2048w, https:\/\/neuillay.fr\/wp-content\/uploads\/2023\/01\/P9170135-1-285x215.jpg 285w\" sizes=\"auto, (max-width: 300px) 100vw, 300px\" \/> <\/a>vierge en bois.<\/p>\n<p>Aujourd\u2019hui, notre \u00e9glise est rayonnante et fait partie int\u00e9grante de notre cher patrimoine que les municipalit\u00e9s respectives ont su conserver.<\/p>\n<p>Le chauffage y a \u00e9t\u00e9 install\u00e9, certains vitraux refaits, les enduits ext\u00e9rieurs magni\ufb01quement gard\u00e9s dans le style du village et derni\u00e8rement (pendant la canicule) un gros travail de charpente et de couverture a \u00e9t\u00e9 effectu\u00e9.<\/p>\n<p>En\ufb01n pour couronner brillamment l\u2019ensemble, les registres paroissiaux de la commune (1639 \u00e0 1842 soit 12 registres) ont fait l\u2019objet d\u2019une r\u00e9novation compl\u00e8te (un v\u00e9ritable tr\u00e9sor d\u2019information).<\/p>\n","protected":false},"excerpt":{"rendered":"<p>Vous, habitants de notre commune ou simplement visiteurs en promenade en Brenne, pouvez admirer au c\u0153ur de notre village, son \u00e9glise de style roman. Le patron de cette \u00e9glise est Saint-Hilaire, \u00e9v\u00eaque de Poitiers, dont la f\u00eate se c\u00e9l\u00e8bre le 13 janvier. La paroisse primitive d\u00e9pendait de l\u2019abbaye de M\u00e9obecq&#8230; <a href=\"https:\/\/neuillay.fr\/?page_id=377\" class=\"readmore\">Read more<span class=\"screen-reader-text\">\u00ab\u00a0Patrimoine\u00a0\u00bb<\/span><\/a><\/p>\n","protected":false},"author":1,"featured_media":0,"parent":0,"menu_order":0,"comment_status":"closed","ping_status":"closed","template":"","meta":{"footnotes":""},"class_list":["post-377","page","type-page","status-publish","hentry"],"_links":{"self":[{"href":"https:\/\/neuillay.fr\/index.php?rest_route=\/wp\/v2\/pages\/377","targetHints":{"allow":["GET"]}}],"collection":[{"href":"https:\/\/neuillay.fr\/index.php?rest_route=\/wp\/v2\/pages"}],"about":[{"href":"https:\/\/neuillay.fr\/index.php?rest_route=\/wp\/v2\/types\/page"}],"author":[{"embeddable":true,"href":"https:\/\/neuillay.fr\/index.php?rest_route=\/wp\/v2\/users\/1"}],"replies":[{"embeddable":true,"href":"https:\/\/neuillay.fr\/index.php?rest_route=%2Fwp%2Fv2%2Fcomments&post=377"}],"version-history":[{"count":16,"href":"https:\/\/neuillay.fr\/index.php?rest_route=\/wp\/v2\/pages\/377\/revisions"}],"predecessor-version":[{"id":1004,"href":"https:\/\/neuillay.fr\/index.php?rest_route=\/wp\/v2\/pages\/377\/revisions\/1004"}],"wp:attachment":[{"href":"https:\/\/neuillay.fr\/index.php?rest_route=%2Fwp%2Fv2%2Fmedia&parent=377"}],"curies":[{"name":"wp","href":"https:\/\/api.w.org\/{rel}","templated":true}]}}