{"id":665,"date":"2022-12-30T16:37:14","date_gmt":"2022-12-30T16:37:14","guid":{"rendered":"https:\/\/neuillay.fr\/?page_id=665"},"modified":"2023-01-28T17:22:01","modified_gmt":"2023-01-28T17:22:01","slug":"inauguration-aire-daccueil","status":"publish","type":"page","link":"https:\/\/neuillay.fr\/?page_id=665","title":{"rendered":"Inauguration aire d&rsquo;accueil"},"content":{"rendered":"<h4>Le discours de L\u00e9andre Boizeau :<\/h4>\n<h4><a href=\"https:\/\/www.misetthiennot.org\/\" target=\"_blank\" rel=\"noopener\"><img loading=\"lazy\" decoding=\"async\" class=\"alignright\" src=\"https:\/\/neuillay.fr\/wp-content\/uploads\/2022\/12\/Mis-et-Thiennot-150x150.jpg\" alt=\"\" width=\"150\" height=\"98\" \/><\/a><\/h4>\n<p>Neuillay-les-Bois le samedi 9 octobre 2010.<\/p>\n<p>Battus, humili\u00e9s, condamn\u00e9s pour un crime qu\u2019ils n\u2019avaient pas commis, Raymond Mis, Gabriel Thiennot et leurs six compagnons de mis\u00e8re, tourn\u00e8rent longtemps en rond dans leur cellule et dans leur t\u00eate pour tenter de comprendre, d\u2019apaiser leur souffrance, d\u2019\u00e9touffer leur rage. Pouvaient-ils alors penser qu\u2019un jour, soixante ans plus tard, ils donneraient leurs noms \u00e0 une aire d\u2019accueil, ici, en Brenne, dans leur pays ?<br \/>\nCertainement pas ! Eux leur projet n\u2019\u00e9tait pas de passer \u00e0 la post\u00e9rit\u00e9 mais de vivre, de vivre une vie toute simple, faite de joies, de peines, de travail, de f\u00eates de famille, de matins silencieux, de ciel immense, une vie sans histoire, sans barreaux, sans parloir, sans cris de haine. Sans parenth\u00e8se carc\u00e9rale tueuse de confiance et d\u2019espoir.<br \/>\nRaymond Mis, Gabriel Thiennot, et leurs six compagnons injustement condamn\u00e9s v\u00e9curent ensuite des vies d\u2019hommes cass\u00e9s. Malgr\u00e9 les tr\u00e9sors de tendresse d\u00e9ploy\u00e9s par leurs proches pour essayer de leur faire oublier cette plong\u00e9e dans l\u2019horreur. Le temps n\u2019y fit rien : l\u2019indicible souffrance enfouie au plus profond d\u2019eux-m\u00eames remontait inexorablement en surface, tournait en boucle dans leur t\u00eate, la nuit, le jour, les ramenant \u00e0 des images de peur \u00e0 des bouff\u00e9es d\u2019angoisse.<br \/>\n\u00ab Ils viennent me chercher ! Ils viennent me chercher ! \u00bb g\u00e9missait encore Raymond sur son lit d\u2019agonie.<br \/>\nL\u2019affaire Mis et Thiennot c\u2019est d\u2019abord et avant tout un drame humain, celui de jeunes hommes que rien ne pr\u00e9disposait \u00e0 vivre un tel cauchemar et qui tous ont \u00e9t\u00e9 victimes de la m\u00eame machine \u00e0 broyer les corps et les \u00e2mes.<br \/>\nL\u2019affaire Mis et Thiennot, c\u2019est aussi un d\u00e9sastre judiciaire. Encore un ! diront les observateurs les plus blas\u00e9s \u00e0 la lumi\u00e8re du spectacle grandguignolesque quasi quotidien que nous donne actuellement la justice de notre pays. \u00c0 ceci pr\u00e8s que dans l\u2019affaire Mis et Thiennot on ne finasse pas avec les plans de carri\u00e8re ou les r\u00e9putations des suppos\u00e9s grands de ce monde, on ne fait pas dans la dentelle des non-lieu de circonstance, l\u2019institution frappe lourdement avant de se r\u00e9fugier dans un silence abyssal.<br \/>\nQue Mis et Thiennot clament, hurlent leur innocence pendant plus de soixante ans ! Que tout un pays les soutienne ! Qu\u2019on d\u00e9pose cinq requ\u00eates en r\u00e9vision durant les trente ann\u00e9es qui viennent de s\u2019\u00e9couler, \u00e9tay\u00e9es par des faits nouveaux en b\u00e9ton arm\u00e9 ! Les magistrats de la cour de cassation s\u2019en fichent visiblement comme de leur premi\u00e8re robe de juge&#8230;<br \/>\nLe 2 juillet 2005, alors que nous inaugurions l\u2019Espace Rencontres \u00ab Mis et Thiennot \u00bb aux c\u00f4t\u00e9s de Jean Petitpr\u00eatre, maire du Poin\u00e7onnet, nous disions, je cite : \u00ab Nous avons, vous le savez, d\u00e9pos\u00e9 r\u00e9cemment une cinqui\u00e8me requ\u00eate en r\u00e9vision. Elle semble \u00eatre prise en consid\u00e9ration. Sera-t-elle la bonne, donc la derni\u00e8re ? Les \u00e9v\u00e8nements \u00e0 venir nous le dirons&#8230;\u00bb<br \/>\nLes \u00e9v\u00e8nements sont venus sous forme d\u2019un nouveau refus qui nous a \u00e9t\u00e9 signifi\u00e9 le 19 mars 2007.<br \/>\nAlors, au point o\u00f9 nous en sommes de notre r\u00e9flexion \u00e0 quoi servirait d\u2019instruire une sixi\u00e8me requ\u00eate, une septi\u00e8me, une quinzi\u00e8me&#8230; ?<br \/>\nLa loi actuelle sur la r\u00e9vision des proc\u00e8s, datant de juin 1989, qui doit beaucoup au Comit\u00e9 de Soutien et \u00e0 l\u2019action de Jean-Yves Gateaud et Michel Sapin, se proposait de faciliter la proc\u00e9dure de r\u00e9vision des proc\u00e8s.<br \/>\nLes chiffres (40 dossiers accept\u00e9s pour plus de 1800 demandes en 20 ans) prouvent qu\u2019elle a \u00e9chou\u00e9. Faut-il en conclure que nous, Fran\u00e7ais, nous avons la chance d\u2019avoir une justice qui ne se trompe jamais ? Ou faut-il en d\u00e9duire que les magistrats de la cour de cassation se comportent en gardiens du dogme de l\u2019infaillibilit\u00e9 du jugement rendu par l\u2019institution ?<br \/>\nCette incapacit\u00e9 chronique \u00e0 reconna\u00eetre l\u2019erreur m\u00eame lorsqu\u2019elle est av\u00e9r\u00e9e a amen\u00e9<br \/>\nJean-Paul Thibault, notre avocat \u00e0 \u00e9mettre l\u2019id\u00e9e de faire bouger \u00e0 nouveau la loi.<br \/>\nPuisque la justice est rendue au nom du peuple fran\u00e7ais, pourquoi n\u2019y aurait-il pas, si\u00e9geant aux c\u00f4t\u00e9s des magistrats professionnels de la cour de cassation, un quota, \u00e0 d\u00e9finir, de jur\u00e9s populaires ? Cela \u00e9viterait peut-\u00eatre \u00e0 certains une interpr\u00e9tation par trop int\u00e9griste du Code p\u00e9nal v\u00e9cu comme de Saintes Ecritures&#8230;.<br \/>\nLe bon sens voulant qu\u2019on mette les b\u0153ufs devant la charrue, c\u2019est dans cette direction que le Comit\u00e9 de Soutien va faire porter ses efforts dans les semaines et mois \u00e0 venir.<br \/>\nComit\u00e9 de soutien qui depuis trente ans, se bat pour la r\u00e9vision du proc\u00e8s Mis et Thiennot. En ce jour anniversaire de sa cr\u00e9ation, l\u2019inauguration de cette aire d\u2019accueil \u00e0 Neuillay-les-Bois prend un caract\u00e8re doublement symbolique. Elle marque la d\u00e9termination de ce pays, de cette r\u00e9gion \u00e0 s\u2019opposer au d\u00e9ni de justice fait \u00e0 Raymond Mis, Gabriel Thiennot et \u00e0 leurs six compagnons. Au nom de l\u2019ensemble des membres du Comit\u00e9 de Soutien, je voudrais remercier le Conseil Municipal de Neuillay-les-Bois, son maire G\u00e9rard Faucher qui ont pris la d\u00e9cision courageuse de donner le nom de \u00ab Mis et Thiennot \u00bb \u00e0 cette aire d\u2019accueil.<br \/>\nUne aire d\u2019accueil ! L\u00e0 encore le poids du symbole est grand : c\u2019est donc par l\u00e0, par cette incontournable affaire, que les camping caristes d\u00e9buteront leur visite de la Brenne. On ne pouvait r\u00eaver de plus forte et de plus justifi\u00e9e entr\u00e9e en mati\u00e8re.<br \/>\nApr\u00e8s l\u2019Espace Rencontres du Poin\u00e7onnet, une rue de Th\u00e9nioux dans le Cher et maintenant une aire d\u2019accueil \u00e0 Neuillay-les-Bois, le mouvement s\u2019affirme. Villedieu, Saint-Gaultier, Argenton sont sur les rangs. En affirmant ainsi publiquement leur volont\u00e9 de s\u2019inscrire dans une d\u00e9marche de soutien actif au combat pour la r\u00e9vision du proc\u00e8s Mis et Thiennot, les \u00e9lus nous apportent une aide qui peut jouer un r\u00f4le d\u00e9terminant pour la suite des \u00e9v\u00e9nements.<br \/>\nAlors, me direz-vous, combien de places, combien de rues \u00ab Mis et Thiennot \u00bb nous faudra-t-il encore inaugurer avant que la justice ne se d\u00e9cide enfin \u00e0 reconna\u00eetre qu\u2019elle s\u2019est tromp\u00e9e ?<br \/>\nLa question ne se pose pas. L\u2019essentiel est ailleurs. Il est dans l\u2019affirmation de notre exigence de justice.<br \/>\nDe justice ! Oui, de Justice !<br \/>\nJe savais qu\u2019il y aurait du soleil, ce matin, \u00e0 Neuillay-les-Bois.<br \/>\nL\u00e9andre Boizeau<br \/>\nPr\u00e9sident du <a href=\"http:\/\/www.misetthiennot.org\/\" target=\"_blank\" rel=\"noopener\"><strong>Comit\u00e9 de Soutien<\/strong><\/a><br \/>\nPour la r\u00e9vision du proc\u00e8s<br \/>\nMis et Thiennot<\/p>\n","protected":false},"excerpt":{"rendered":"<p>Le discours de L\u00e9andre Boizeau : Neuillay-les-Bois le samedi 9 octobre 2010. Battus, humili\u00e9s, condamn\u00e9s pour un crime qu\u2019ils n\u2019avaient pas commis, Raymond Mis, Gabriel Thiennot et leurs six compagnons de mis\u00e8re, tourn\u00e8rent longtemps en rond dans leur cellule et dans leur t\u00eate pour tenter de comprendre, d\u2019apaiser leur souffrance,&#8230; <a href=\"https:\/\/neuillay.fr\/?page_id=665\" class=\"readmore\">Read more<span class=\"screen-reader-text\">\u00ab\u00a0Inauguration aire d&rsquo;accueil\u00a0\u00bb<\/span><\/a><\/p>\n","protected":false},"author":1,"featured_media":0,"parent":0,"menu_order":0,"comment_status":"closed","ping_status":"closed","template":"","meta":{"footnotes":""},"class_list":["post-665","page","type-page","status-publish","hentry"],"_links":{"self":[{"href":"https:\/\/neuillay.fr\/index.php?rest_route=\/wp\/v2\/pages\/665","targetHints":{"allow":["GET"]}}],"collection":[{"href":"https:\/\/neuillay.fr\/index.php?rest_route=\/wp\/v2\/pages"}],"about":[{"href":"https:\/\/neuillay.fr\/index.php?rest_route=\/wp\/v2\/types\/page"}],"author":[{"embeddable":true,"href":"https:\/\/neuillay.fr\/index.php?rest_route=\/wp\/v2\/users\/1"}],"replies":[{"embeddable":true,"href":"https:\/\/neuillay.fr\/index.php?rest_route=%2Fwp%2Fv2%2Fcomments&post=665"}],"version-history":[{"count":13,"href":"https:\/\/neuillay.fr\/index.php?rest_route=\/wp\/v2\/pages\/665\/revisions"}],"predecessor-version":[{"id":1101,"href":"https:\/\/neuillay.fr\/index.php?rest_route=\/wp\/v2\/pages\/665\/revisions\/1101"}],"wp:attachment":[{"href":"https:\/\/neuillay.fr\/index.php?rest_route=%2Fwp%2Fv2%2Fmedia&parent=665"}],"curies":[{"name":"wp","href":"https:\/\/api.w.org\/{rel}","templated":true}]}}